*-11734 + -1). Suppose -4*t - 4*w + 8*w = -p, 5*t + c*w = 14720. Is t composite?
False
Suppose -843 = -15*n + 102. Suppose n*q - 65*q + 25378 = 0. Is q prime?
True
Is (4 + 191089 - 4)*1 composite?
False
Let d = 90 + -91. Let m(f) = f. Let g(c) = 23*c - 6. Let w(z) = d*g(z) + 2*m(z). Is w(-23) composite?
True
Let r(z) be the first derivative of -z**3/3 + z**2 - 306*z + 9. Let q be r(0). Let g = q + 947. Is g prime?
True
Let c = 7919 - 5533. Let d = c - 729. Is d a composite number?
False
Suppose 4*h - 330348 = -v + 684641, -h + 3044934 = 3*v. Is v prime?
False
Let g(n) = -106*n**2 - 82 + 33*n + 151*n**2 + 93. Is g(-8) a composite number?
True
Is (-4633692)/(-132) + -5 - 6/(-22) a prime number?
True
Let y(d) = 263*d**2 + 15*d - 10. Let q(r) = 132*r**2 + 7*r - 5. Let p(b) = 9*q(b) - 4*y(b). Is p(2) a prime number?
False
Suppose -6*t = -11*t + 16305. Let b be (22/110)/((-1)/(-16505)). Suppose -5*q + b = u, -u - 3*q + t = -8*q. Is u prime?
False
Let h be -1 + ((-51)/(-4) - (-4)/16). Suppose 7*z + r - 50 = 4*z, z = -2*r + 10. Is h/(-54) + 27778/z composite?
False
Let q(v) = 2*v + 16. Let s be q(-7). Suppose -4*n - 4*z + 780 = 0, z + s*z + 794 = 4*n. Let k = 14 + n. Is k a composite number?
False
Let b(r) be the second derivative of 949*r**5/2 + r**4/12 - r**3/6 + r**2/2 + 227*r. Is b(1) a prime number?
True
Let r(k) = 82*k**3 - 7*k**2 + 21*k + 3. Let l(g) = 82*g**3 - 7*g**2 + 23*g + 5. Let t(v) = -6*l(v) + 7*r(v). Is t(5) a composite number?
False
Suppose 441 = 3*a - 10*a. Let o = a + 67. Suppose o*h + 4*z - 2*z - 230 = 0, -h = 5*z - 80. Is h a composite number?
True
Suppose -6*w + 5*r + 30 = -w, -2*w + 32 = 3*r. Suppose -w*p + 18353 = -41717. Is p composite?
False
Let j = -2416 - -11655. Is j prime?
True
Suppose 44*v - 22*v - 1111858 = 0. Is v composite?
False
Suppose 6 = -s - 4*i, -4*s + 8*i - 5 = 5*i. Let l be (-2806)/(-8) - (-2)/8. Is ((-16)/10)/(s/(-5)) + l a composite number?
False
Let t(v) = -2*v**3 + 20*v**2 + 33*v - 22. Let i(o) = -o**3 + 10*o**2 + 16*o - 11. Let j(w) = 5*i(w) - 3*t(w). Is j(15) composite?
True
Let c(y) = y**2 - 9*y + 15. Suppose 5*g = 4*a + 88, 2*g + 3*a = -0*g + 26. Let w be 21/56 + 314/g. Is c(w) a prime number?
False
Let z(n) = -14*n**3 - n**2 - 4*n + 5. Let w be z(-2). Suppose -28390 = -131*p + w*p. Is p a prime number?
False
Suppose 47*p - 54*p = -147. Suppose p*d - 23*d = 0. Let h(t) = -t**3 - t**2 - t + 1091. Is h(d) a composite number?
False
Let b(n) = 35*n**3 + 49*n**2 + 26*n - 419. Is b(20) a composite number?
False
Let b = 17 - 4. Let o be 923/((-36)/(-48) - b/12). Let h = o + 4052. Is h composite?
False
Let l = 23597 + -10616. Suppose 0 = -33*i + 36*i - l. Is i a prime number?
True
Suppose 2*z = 2*g - 221516, -4*g = 2*z - 183751 - 259275. Is g a prime number?
False
Let z(g) = -2*g**3 - 58*g**2 + g + 33. Let m be z(-29). Let i be 4/16*m*6*-6. Let u = 301 + i. Is u composite?
True
Let t = 1537852 + -602699. Is t a composite number?
True
Let z = -56229 - -88112. Is z prime?
True
Let g be (-9)/(-6)*((-4)/3 + 4). Suppose -3*r = -g*f + f - 4710, -3*f - 6 = 0. Suppose -591 - r = -d. Is d a composite number?
True
Let l = -30 - 61. Suppose -8*j + 7*j - q - 18 = 0, -5*q - 10 = j. Let s = j - l. Is s prime?
True
Let u(f) = 342*f**2 - 5*f + 71. Let b be u(7). Is b - (-63)/(-5 - 4) a prime number?
True
Suppose 14*p + 7*p - 789751 = -2*p. Is p prime?
True
Let x = -1782 - -1784. Let w be (-15 - 3)*(-120)/2. Suppose -w = -2*m + x*r, 4*r + 1 = 5. Is m composite?
False
Let j = 33835 - 5006. Is j prime?
False
Let y(i) = -1281*i + 40. Is y(-11) prime?
False
Suppose 2421 = j - 2581. Suppose -26920 + j = -6*k. Is k composite?
True
Suppose 193*r - 9724103 = 3778563. Is r a composite number?
True
Let x(n) = 217*n**2 + 123*n + 21. Is x(8) composite?
True
Let l(f) = 401*f**2 + 43*f - 80. Is l(18) a composite number?
True
Suppose 22 + 113 = -3*t. Let j = 2691 + -2692. Is ((-705)/t)/(j/(13*-3)) a composite number?
True
Let k = -79268 - -159747. Is k a prime number?
False
Let j be (-2)/(-7) + (-4)/14. Let r(b) = b**3 + b - 4. Let g be r(j). Is 108 + (-4 - g - -1) composite?
False
Let j(m) = -366152*m**3 + 13*m**2 + 26*m - 3. Is j(-2) a prime number?
False
Let y(h) = 400*h**2 + 44*h - 39. Is y(8) composite?
False
Suppose -16*x + 4*x = 24. Let f be (42/(-9) - -4)/(x/81). Suppose 2*p - 953 = -q, -q = -3*p + 1410 + f. Is p a composite number?
True
Let b = 736830 + -513107. Is b a composite number?
True
Suppose 0 = -66*u + 65*u + 4*a + 203473, u + 5*a = 203428. Is u prime?
False
Suppose -22 = -3*l - 3*q + q, -12 = 3*q. Let i(o) = 17*o**3 + 3*o**2 - 3*o + 21. Is i(l) prime?
True
Suppose 9*c = -5*c - 198660. Let x = c + 23839. Is x a composite number?
False
Suppose 12*h + 22239 = 1959. Let g = 3735 + h. Is g a prime number?
False
Suppose -44*q = -39*q - 9460. Let l = 3669 - q. Is l a composite number?
False
Let q(j) = 1716*j**2 + 116*j + 31. Is q(-13) composite?
False
Let x(r) = -12 - 7 - 33 - 84*r + 26. Is x(-6) composite?
True
Let g = 74124 - 39421. Is g prime?
True
Let i(f) = 2*f - 7. Let h be i(11). Let x = h + -53. Let j = 331 + x. Is j prime?
True
Let l be (-8 - -12)/((-4)/(-26)). Suppose l*b = 30*b - 2028. Suppose 5*r = 5*w + 2525, w + w = r - b. Is r a prime number?
True
Is (-10 - 112/(-14))*(-2 - (-32923)/(-2)) a composite number?
True
Let n(y) = 109*y**3 - 31*y**2 + 174*y - 113. Is n(15) a prime number?
True
Let t = 64522 + -44916. Is t composite?
True
Let n(h) be the second derivative of 22*h**3/3 - h**2/2 + 2*h + 1. Let x(p) = 43*p. Let u(q) = 6*n(q) - 7*x(q). Is u(-7) composite?
True
Suppose 27 = -5*t + 14*t. Is (8/((-192)/(-78)))/(t/1284) prime?
False
Let z = 2372 - 835. Let f = z - -3780. Is f a prime number?
False
Let i = -1729 - -1732. Let z be (-1)/(-4) - (-17315)/4. Suppose i*a + 3*r = -0*a + 4308, -z = -3*a + 4*r. Is a prime?
True
Suppose 5*a + 20 = n, 0 = -3*n + 6*n. Is (a - (0 + 27 + 2))*-1 prime?
False
Suppose 1189*v = 1176*v + 1232647. Is v a prime number?
True
Let q(m) = 105*m - 2. Let v be q(-8). Suppose -o + 4*c - 6*c + 163 = 0, -2*o + c + 321 = 0. Let h = o - v. Is h prime?
False
Let d = 12733 - 2486. Is d a prime number?
True
Suppose -41*v + 46*v = -u + 83272, 3*v - 166523 = -2*u. Is u composite?
False
Suppose -128440 = -4*b + 5*d, 5*b = 22*d - 27*d + 160505. Is b prime?
False
Let k(t) = 21*t - 16. Suppose -22*z = -194 - 180. Is k(z) composite?
True
Is 94206 + 55/(9 + -4) a prime number?
False
Suppose -18009 + 1877874 = -6*f + 27*f. Is f a composite number?
True
Let q be (-1)/5 - 140497/(-35). Suppose -d + 7*d = q. Let s = d + -110. Is s composite?
True
Let b(y) = -2*y**2 - 5 + 4*y - 7*y**3 - 10*y + 2. Let x = 30 + -34. Is b(x) a composite number?
True
Let v be -6*(-2)/(2 - -2). Suppose 0 = -4*g - v*f + 59, -68 = -5*g - 5*f + 12. Suppose g*r = 6*r + 5585. Is r a prime number?
True
Let z(m) = -141*m**3 - 15*m**2 - 54*m - 1. Suppose -3*b - 2*c - 2*c - 32 = 0, b - 4*c - 16 = 0. Is z(b) a composite number?
False
Suppose -2*k + 0*k = -6, -4*l + 73 = -5*k. Let b(z) = 506*z - 168*z + 6 - 168*z - 164*z + 40. Is b(l) a composite number?
True
Let k(q) = 31*q - 91 - 176*q - 120 + 359. Is k(-7) a composite number?
False
Let h be ((-64968)/(-2))/((-20)/((-600)/45)). Is (h/(-28))/((-42)/147) a prime number?
True
Suppose -21 = -3*h + 3*p, -2*h + 3*p = 5*p - 22. Suppose -5*r + 5*g - 14219 = -h*r, g + 14201 = 4*r. Is r prime?
False
Let l(u) = -10*u - 140. Let r be l(-15). Is (-2)/r + (-640486)/(-55) + 12 a composite number?
False
Suppose k = -2*q - 66, 2*q - 4*k = -61 - 25. Let w(l) = -l**2 - 35*l + 251. Is w(q) prime?
True
Let v(g) = 4397*g - 3413. Is v(48) a composite number?
False
Suppose 15 = -2*t + 9. Suppose -4*p = -4*y - 44, 0*p + 4*y = -5*p + 37. Is t/p - 11360/(-24) composite?
True
Let s = 75842 + -11181. Is s prime?
True
Let v(w) = -w**3 - 35*w**2 - 733*w + 159. Is v(-56) composite?
True
Suppose 75 = -28*w + 32*w - 5*o, -135 = -5*w - 2*o. Suppose 270332 + 163443 = w*u. Is u composite?
False
Let c(m) be the second derivative of 19*m**5/40 + 5*m**4/24 - m**3 - 14*m. Let t(s) be the second derivative of c(s). Is t(4) a composite number?
False
Let w be (-30)/60*0*(-1)/1. Suppose w = -n + 198 + 2431. Is n prime?
False
Let l = 13756 + 203665. Is l a prime number?
True
Suppose -2*h + 5*m + 132915 = 0, -2*h + 35*m + 132905 = 40